{"id":35771,"date":"2025-06-17T15:05:19","date_gmt":"2025-06-17T13:05:19","guid":{"rendered":"https:\/\/www.valgardenasport.com\/?page_id=35771"},"modified":"2025-06-17T15:57:14","modified_gmt":"2025-06-17T13:57:14","slug":"biketouren-vorschlaege-in-groeden","status":"publish","type":"page","link":"https:\/\/www.valgardenasport.com\/de\/biketouren-vorschlaege-in-groeden\/","title":{"rendered":"Biketouren Vorschl\u00e4ge in Gr\u00f6den"},"content":{"rendered":"<div id=\"komoot\" class=\"fusion-container-anchor\"><div class=\"fusion-fullwidth fullwidth-box fusion-builder-row-1 fusion-flex-container has-pattern-background has-mask-background nonhundred-percent-fullwidth non-hundred-percent-height-scrolling\" style=\"--awb-border-radius-top-left:0px;--awb-border-radius-top-right:0px;--awb-border-radius-bottom-right:0px;--awb-border-radius-bottom-left:0px;--awb-margin-top:-60px;--awb-flex-wrap:wrap;\" ><div class=\"fusion-builder-row fusion-row fusion-flex-align-items-flex-start fusion-flex-content-wrap\" style=\"max-width:1393.6px;margin-left: calc(-4% \/ 2 );margin-right: calc(-4% \/ 2 );\"><div class=\"fusion-layout-column fusion_builder_column fusion-builder-column-0 fusion_builder_column_1_1 1_1 fusion-flex-column\" style=\"--awb-bg-size:cover;--awb-width-large:100%;--awb-margin-top-large:0px;--awb-spacing-right-large:1.92%;--awb-margin-bottom-large:20px;--awb-spacing-left-large:1.92%;--awb-width-medium:100%;--awb-order-medium:0;--awb-spacing-right-medium:1.92%;--awb-spacing-left-medium:1.92%;--awb-width-small:100%;--awb-order-small:0;--awb-spacing-right-small:1.92%;--awb-spacing-left-small:1.92%;\"><div class=\"fusion-column-wrapper fusion-column-has-shadow fusion-flex-justify-content-flex-start fusion-content-layout-column\"><nav class=\"fusion-breadcrumbs fusion-breadcrumbs-1\" style=\"--awb-breadcrumb-sep:&#039;&gt;&#039;;\" aria-label=\"Breadcrumb\"><nav aria-label=\"breadcrumbs\" class=\"rank-math-breadcrumb\"><p><span class=\"last\">Home<\/span><\/p><\/nav><\/nav><div class=\"fusion-title title fusion-title-1 fusion-sep-none fusion-title-center fusion-title-text fusion-title-size-one\" style=\"--awb-margin-top-small:10px;--awb-margin-right-small:0px;--awb-margin-bottom-small:10px;--awb-margin-left-small:0px;\"><h1 class=\"fusion-title-heading title-heading-center fusion-responsive-typography-calculated\" style=\"margin:0;--fontSize:46;line-height:1.2;\">Biketouren Vorschl\u00e4ge in Gr\u00f6den<\/h1><\/div><\/div><\/div><div class=\"fusion-layout-column fusion_builder_column fusion-builder-column-1 fusion_builder_column_1_2 1_2 fusion-flex-column\" style=\"--awb-bg-size:cover;--awb-width-large:50%;--awb-margin-top-large:0px;--awb-spacing-right-large:3.84%;--awb-margin-bottom-large:20px;--awb-spacing-left-large:3.84%;--awb-width-medium:50%;--awb-order-medium:0;--awb-spacing-right-medium:3.84%;--awb-spacing-left-medium:3.84%;--awb-width-small:100%;--awb-order-small:0;--awb-spacing-right-small:1.92%;--awb-spacing-left-small:1.92%;\"><div class=\"fusion-column-wrapper fusion-column-has-shadow fusion-flex-justify-content-flex-start fusion-content-layout-column\"><div class=\"fusion-title title fusion-title-2 fusion-sep-none fusion-title-text fusion-title-size-three\" style=\"--awb-margin-top-small:10px;--awb-margin-right-small:0px;--awb-margin-bottom-small:10px;--awb-margin-left-small:0px;--awb-font-size:30px;\"><h3 class=\"fusion-title-heading title-heading-left fusion-responsive-typography-calculated\" style=\"font-family:var(--awb-typography1-font-family);font-weight:var(--awb-typography1-font-weight);font-style:var(--awb-typography1-font-style);margin:0;letter-spacing:var(--awb-typography1-letter-spacing);text-transform:var(--awb-typography1-text-transform);font-size:1em;--fontSize:30;line-height:1.4;\">Einfache Biketouren in Gr\u00f6den mit der Komoot-App<\/h3><\/div><div class=\"fusion-text fusion-text-1\"><p>Lass dich von deinem Handy leiten und finde ganz einfach Routen f\u00fcr deine Tour in Gr\u00f6den. Hier findest du ein paar einfache Touren auf Schotterwegen. Diese Ausfl\u00fcge sind f\u00fcr E-Bikes geeignet und wenn du fit bist, kannst du sie auch mit dem Mountainbike machen.<\/p>\n<p><strong>Lade die Komoot-App herunter:<\/strong><\/p>\n<\/div><div class=\"fusion-text fusion-text-2\"><p style=\"text-align: left;\"><a href=\"https:\/\/app.adjust.com\/1350yp3d?adgroup=footer&amp;campaign=it-it&amp;fallback=https%3A%2F%2Fplay.google.com%2Fstore%2Fapps%2Fdetails%3Fid%3Dde.komoot.android%26hl%3Dit&amp;redirect_macos=https%3A%2F%2Fplay.google.com%2Fstore%2Fapps%2Fdetails%3Fid%3Dde.komoot.android%26hl%3Dit\" target=\"_blank\" rel=\"noopener\"><img decoding=\"async\" src=\"https:\/\/www.valgardenasport.com\/wp-content\/uploads\/2025\/06\/google-play.webp\" alt=\"Komoot Logo\" \/><\/a><\/p>\n<p><a href=\"https:\/\/app.adjust.com\/1350yp3d?adgroup=footer&amp;campaign=it-it&amp;fallback=https%3A%2F%2Fitunes.apple.com%2Fapp%2Fkomoot%2Fid447374873\" target=\"_blank\" rel=\"noopener\"><img decoding=\"async\" src=\"https:\/\/www.valgardenasport.com\/wp-content\/uploads\/2025\/06\/app-store.webp\" alt=\"Komoot Logo\" \/><\/a><\/p>\n<\/div><\/div><\/div><div class=\"fusion-layout-column fusion_builder_column fusion-builder-column-2 fusion_builder_column_1_2 1_2 fusion-flex-column\" style=\"--awb-bg-size:cover;--awb-width-large:50%;--awb-margin-top-large:0px;--awb-spacing-right-large:3.84%;--awb-margin-bottom-large:20px;--awb-spacing-left-large:3.84%;--awb-width-medium:50%;--awb-order-medium:0;--awb-spacing-right-medium:3.84%;--awb-spacing-left-medium:3.84%;--awb-width-small:100%;--awb-order-small:0;--awb-spacing-right-small:1.92%;--awb-spacing-left-small:1.92%;\"><div class=\"fusion-column-wrapper fusion-column-has-shadow fusion-flex-justify-content-center fusion-content-layout-column\"><div class=\"fusion-text fusion-text-3\"><p>\u00d6ffne die App \u201eKomoot\u201d und starte deine Radtour in Gr\u00f6den. Nachstehend findest du die Links, um die Tour auf deinem Handy zu \u00f6ffnen.<\/p>\n<\/div><div class=\"fusion-text fusion-text-4\"><p style=\"text-align: left;\"><img decoding=\"async\" src=\"https:\/\/www.valgardenasport.com\/wp-content\/uploads\/2025\/05\/komoot-logo-small.webp\" alt=\"Komoot Logo\" \/> <a href=\"https:\/\/www.komoot.com\/it-IT\/tour\/2292955994?ref=itd\" target=\"_blank\" rel=\"noopener\">Seiser Alm Tour <\/a>&#8211; leicht<\/p>\n<p><img decoding=\"async\" src=\"https:\/\/www.valgardenasport.com\/wp-content\/uploads\/2025\/05\/komoot-logo-small.webp\" alt=\"Komoot Logo\" \/> <a href=\"https:\/\/www.komoot.com\/it-IT\/tour\/1340807495?ref=itd\" target=\"_blank\" rel=\"noopener\">Gr\u00f6dental Rundtour<\/a> &#8211; leicht<\/p>\n<p><img decoding=\"async\" src=\"https:\/\/www.valgardenasport.com\/wp-content\/uploads\/2025\/05\/komoot-logo-small.webp\" alt=\"Komoot Logo\" \/> <a href=\"https:\/\/www.komoot.com\/it-IT\/tour\/1340777183?ref=itd\" target=\"_blank\" rel=\"noopener\">Langental Panorama Tour<\/a> &#8211; leicht<\/p>\n<p><img decoding=\"async\" src=\"https:\/\/www.valgardenasport.com\/wp-content\/uploads\/2025\/05\/komoot-logo-small.webp\" alt=\"Komoot Logo\" \/> <a href=\"https:\/\/www.komoot.com\/it-IT\/tour\/2263419909?ref=itd\" target=\"_blank\" rel=\"noopener\">Langkofel Rundtour<\/a> &#8211; mittel<\/p>\n<p><img decoding=\"async\" src=\"https:\/\/www.valgardenasport.com\/wp-content\/uploads\/2025\/05\/komoot-logo-small.webp\" alt=\"Komoot Logo\" \/> <a href=\"https:\/\/www.komoot.com\/it-IT\/tour\/2263361761?ref=itd\" target=\"_blank\" rel=\"noopener\">St. Jakob &#8211; Seceda Tour<\/a> &#8211; mittel<\/p>\n<\/div><\/div><\/div><\/div><\/div><\/div>\n","protected":false},"excerpt":{"rendered":"","protected":false},"author":1,"featured_media":0,"parent":0,"menu_order":0,"comment_status":"closed","ping_status":"closed","template":"100-width.php","meta":{"footnotes":""},"class_list":["post-35771","page","type-page","status-publish","hentry"],"_links":{"self":[{"href":"https:\/\/www.valgardenasport.com\/de\/wp-json\/wp\/v2\/pages\/35771","targetHints":{"allow":["GET"]}}],"collection":[{"href":"https:\/\/www.valgardenasport.com\/de\/wp-json\/wp\/v2\/pages"}],"about":[{"href":"https:\/\/www.valgardenasport.com\/de\/wp-json\/wp\/v2\/types\/page"}],"author":[{"embeddable":true,"href":"https:\/\/www.valgardenasport.com\/de\/wp-json\/wp\/v2\/users\/1"}],"replies":[{"embeddable":true,"href":"https:\/\/www.valgardenasport.com\/de\/wp-json\/wp\/v2\/comments?post=35771"}],"version-history":[{"count":5,"href":"https:\/\/www.valgardenasport.com\/de\/wp-json\/wp\/v2\/pages\/35771\/revisions"}],"predecessor-version":[{"id":35797,"href":"https:\/\/www.valgardenasport.com\/de\/wp-json\/wp\/v2\/pages\/35771\/revisions\/35797"}],"wp:attachment":[{"href":"https:\/\/www.valgardenasport.com\/de\/wp-json\/wp\/v2\/media?parent=35771"}],"curies":[{"name":"wp","href":"https:\/\/api.w.org\/{rel}","templated":true}]}}

Biketouren Vorschläge in Gröden

<div id="komoot" class="fusion-container-anchor"><div class="fusion-fullwidth fullwidth-box fusion-builder-row-1 fusion-flex-container has-pattern-background has-mask-background nonhundred-percent-fullwidth non-hundred-percent-height-scrolling" style="--awb-border-radius-top-left:0px;--awb-border-radius-top-right:0px;--awb-border-radius-bottom-right:0px;--awb-border-radius-bottom-left:0px;--awb-margin-top:-60px;--awb-flex-wrap:wrap;" ><div class="fusion-builder-row fusion-row fusion-flex-align-items-flex-start fusion-flex-content-wrap" style="max-width:1393.6px;margin-left: calc(-4% / 2 );margin-right: calc(-4% / 2 );"><div class="fusion-layout-column fusion_builder_column fusion-builder-column-0 fusion_builder_column_1_1 1_1 fusion-flex-column" style="--awb-bg-size:cover;--awb-width-large:100%;--awb-margin-top-large:0px;--awb-spacing-right-large:1.92%;--awb-margin-bottom-large:20px;--awb-spacing-left-large:1.92%;--awb-width-medium:100%;--awb-order-medium:0;--awb-spacing-right-medium:1.92%;--awb-spacing-left-medium:1.92%;--awb-width-small:100%;--awb-order-small:0;--awb-spacing-right-small:1.92%;--awb-spacing-left-small:1.92%;"><div class="fusion-column-wrapper fusion-column-has-shadow fusion-flex-justify-content-flex-start fusion-content-layout-column"><nav class="fusion-breadcrumbs fusion-breadcrumbs-1" style="--awb-breadcrumb-sep:&#039;&gt;&#039;;" aria-label="Breadcrumb"><nav aria-label="breadcrumbs" class="rank-math-breadcrumb"><p><span class="last">Home</span></p></nav></nav><div class="fusion-title title fusion-title-1 fusion-sep-none fusion-title-center fusion-title-text fusion-title-size-one" style="--awb-margin-top-small:10px;--awb-margin-right-small:0px;--awb-margin-bottom-small:10px;--awb-margin-left-small:0px;"><h1 class="fusion-title-heading title-heading-center fusion-responsive-typography-calculated" style="margin:0;--fontSize:46;line-height:1.2;">Biketouren Vorschläge in Gröden</h1></div></div></div><div class="fusion-layout-column fusion_builder_column fusion-builder-column-1 fusion_builder_column_1_2 1_2 fusion-flex-column" style="--awb-bg-size:cover;--awb-width-large:50%;--awb-margin-top-large:0px;--awb-spacing-right-large:3.84%;--awb-margin-bottom-large:20px;--awb-spacing-left-large:3.84%;--awb-width-medium:50%;--awb-order-medium:0;--awb-spacing-right-medium:3.84%;--awb-spacing-left-medium:3.84%;--awb-width-small:100%;--awb-order-small:0;--awb-spacing-right-small:1.92%;--awb-spacing-left-small:1.92%;"><div class="fusion-column-wrapper fusion-column-has-shadow fusion-flex-justify-content-flex-start fusion-content-layout-column"><div class="fusion-title title fusion-title-2 fusion-sep-none fusion-title-text fusion-title-size-three" style="--awb-margin-top-small:10px;--awb-margin-right-small:0px;--awb-margin-bottom-small:10px;--awb-margin-left-small:0px;--awb-font-size:30px;"><h3 class="fusion-title-heading title-heading-left fusion-responsive-typography-calculated" style="font-family:var(--awb-typography1-font-family);font-weight:var(--awb-typography1-font-weight);font-style:var(--awb-typography1-font-style);margin:0;letter-spacing:var(--awb-typography1-letter-spacing);text-transform:var(--awb-typography1-text-transform);font-size:1em;--fontSize:30;line-height:1.4;">Einfache Biketouren in Gröden mit der Komoot-App</h3></div><div class="fusion-text fusion-text-1"><p>Lass dich von deinem Handy leiten und finde ganz einfach Routen für deine Tour in Gröden. Hier findest du ein paar einfache Touren auf Schotterwegen. Diese Ausflüge sind für E-Bikes geeignet und wenn du fit bist, kannst du sie auch mit dem Mountainbike machen.</p>
<p><strong>Lade die Komoot-App herunter:</strong></p>
</div><div class="fusion-text fusion-text-2"><p style="text-align: left;"><a href="https://app.adjust.com/1350yp3d?adgroup=footer&amp;campaign=it-it&amp;fallback=https%3A%2F%2Fplay.google.com%2Fstore%2Fapps%2Fdetails%3Fid%3Dde.komoot.android%26hl%3Dit&amp;redirect_macos=https%3A%2F%2Fplay.google.com%2Fstore%2Fapps%2Fdetails%3Fid%3Dde.komoot.android%26hl%3Dit" target="_blank" rel="noopener"><img decoding="async" src="https://www.valgardenasport.com/wp-content/uploads/2025/06/google-play.webp" alt="Komoot Logo" /></a></p>
<p><a href="https://app.adjust.com/1350yp3d?adgroup=footer&amp;campaign=it-it&amp;fallback=https%3A%2F%2Fitunes.apple.com%2Fapp%2Fkomoot%2Fid447374873" target="_blank" rel="noopener"><img decoding="async" src="https://www.valgardenasport.com/wp-content/uploads/2025/06/app-store.webp" alt="Komoot Logo" /></a></p>
</div></div></div><div class="fusion-layout-column fusion_builder_column fusion-builder-column-2 fusion_builder_column_1_2 1_2 fusion-flex-column" style="--awb-bg-size:cover;--awb-width-large:50%;--awb-margin-top-large:0px;--awb-spacing-right-large:3.84%;--awb-margin-bottom-large:20px;--awb-spacing-left-large:3.84%;--awb-width-medium:50%;--awb-order-medium:0;--awb-spacing-right-medium:3.84%;--awb-spacing-left-medium:3.84%;--awb-width-small:100%;--awb-order-small:0;--awb-spacing-right-small:1.92%;--awb-spacing-left-small:1.92%;"><div class="fusion-column-wrapper fusion-column-has-shadow fusion-flex-justify-content-center fusion-content-layout-column"><div class="fusion-text fusion-text-3"><p>Öffne die App „Komoot” und starte deine Radtour in Gröden. Nachstehend findest du die Links, um die Tour auf deinem Handy zu öffnen.</p>
</div><div class="fusion-text fusion-text-4"><p style="text-align: left;"><img decoding="async" src="https://www.valgardenasport.com/wp-content/uploads/2025/05/komoot-logo-small.webp" alt="Komoot Logo" /> <a href="https://www.komoot.com/it-IT/tour/2292955994?ref=itd" target="_blank" rel="noopener">Seiser Alm Tour </a>&#8211; leicht</p>
<p><img decoding="async" src="https://www.valgardenasport.com/wp-content/uploads/2025/05/komoot-logo-small.webp" alt="Komoot Logo" /> <a href="https://www.komoot.com/it-IT/tour/1340807495?ref=itd" target="_blank" rel="noopener">Grödental Rundtour</a> &#8211; leicht</p>
<p><img decoding="async" src="https://www.valgardenasport.com/wp-content/uploads/2025/05/komoot-logo-small.webp" alt="Komoot Logo" /> <a href="https://www.komoot.com/it-IT/tour/1340777183?ref=itd" target="_blank" rel="noopener">Langental Panorama Tour</a> &#8211; leicht</p>
<p><img decoding="async" src="https://www.valgardenasport.com/wp-content/uploads/2025/05/komoot-logo-small.webp" alt="Komoot Logo" /> <a href="https://www.komoot.com/it-IT/tour/2263419909?ref=itd" target="_blank" rel="noopener">Langkofel Rundtour</a> &#8211; mittel</p>
<p><img decoding="async" src="https://www.valgardenasport.com/wp-content/uploads/2025/05/komoot-logo-small.webp" alt="Komoot Logo" /> <a href="https://www.komoot.com/it-IT/tour/2263361761?ref=itd" target="_blank" rel="noopener">St. Jakob &#8211; Seceda Tour</a> &#8211; mittel</p>
</div></div></div></div></div></div>
